{"id":583,"date":"2019-09-27T11:37:39","date_gmt":"2019-09-27T09:37:39","guid":{"rendered":"http:\/\/temp.spgosciejewo.pl\/wp\/?page_id=583"},"modified":"2023-10-16T11:53:06","modified_gmt":"2023-10-16T09:53:06","slug":"rada_rodzicow","status":"publish","type":"page","link":"https:\/\/spgosciejewo.pl\/?page_id=583","title":{"rendered":"RADA RODZIC\u00d3W"},"content":{"rendered":"<h4 style=\"text-align: center;\"><strong>Rada Rodzic\u00f3w Szko\u0142y Podstawowej<br \/>\nim. Noblist\u00f3w Polskich w Go\u015bciejewie<\/strong><\/h4>\n<h5 class=\"clearfix\" align=\"center\"><\/h5>\n<fieldset style=\"box-shadow: 0px 0px 6px 4px silver;\">\n<table width=\"868\" height=\"852\">\n<tbody>\n<tr>\n<td width=\"14%\"><strong><em>KLASA<\/em><\/strong><\/td>\n<td width=\"51%\"><strong><em>NAZWISKO I IMI\u0118<\/em><\/strong><\/td>\n<td width=\"34%\"><strong><em>FUNKCJA<\/em><\/strong><\/td>\n<\/tr>\n<tr>\n<td width=\"14%\">OP Two&nbsp;<\/td>\n<td width=\"51%\">D\u0105browska Marta<\/td>\n<td width=\"34%\"><\/td>\n<\/tr>\n<tr>\n<td width=\"14%\">OP Gwo&nbsp;<\/td>\n<td width=\"51%\">\u015awierkowska Joanna<\/td>\n<td width=\"34%\"><\/td>\n<\/tr>\n<tr>\n<td width=\"14%\">I&nbsp;&nbsp;&nbsp;&nbsp;&nbsp; &nbsp;<\/td>\n<td width=\"51%\">Wi\u015bniewska Klaudia<\/td>\n<td width=\"34%\"><\/td>\n<\/tr>\n<tr>\n<td width=\"14%\"><strong>II&nbsp; &nbsp; &nbsp;<\/strong> &nbsp;<\/td>\n<td width=\"51%\"><strong>Nochowicz Anna<\/strong><\/td>\n<td width=\"34%\"><strong>Wiceprzewodnicz\u0105ca<\/strong><\/td>\n<\/tr>\n<tr>\n<td width=\"14%\"><strong>III&nbsp; &nbsp; &nbsp; &nbsp;<\/strong><\/td>\n<td width=\"51%\"><strong>Kaczmarek Anna<\/strong><\/td>\n<td width=\"34%\"><strong>Skarbnik<\/strong><\/td>\n<\/tr>\n<tr>\n<td width=\"14%\"><strong>IV&nbsp; &nbsp; &nbsp; &nbsp;<\/strong><\/td>\n<td width=\"51%\"><strong>Ma\u0144kowska Agnieszka<\/strong><\/td>\n<td width=\"34%\"><strong>Sekretarz<\/strong><\/td>\n<\/tr>\n<tr>\n<td width=\"14%\"><strong>V&nbsp; &nbsp; &nbsp; &nbsp;<\/strong><\/td>\n<td width=\"51%\"><strong>Banasiak Joanna<\/strong><\/td>\n<td width=\"34%\"><strong>Przewodnicz\u0105ca<\/strong><\/td>\n<\/tr>\n<tr>\n<td width=\"14%\">VI&nbsp; &nbsp; &nbsp; &nbsp;<\/td>\n<td width=\"51%\">Fiedor &#8211; Jab\u0142o\u0144ska Monika<\/td>\n<td width=\"34%\"><\/td>\n<\/tr>\n<tr>\n<td width=\"14%\">VII&nbsp; &nbsp; &nbsp; &nbsp;<\/td>\n<td width=\"51%\">Go\u0142\u0119biowski Robert<\/td>\n<td width=\"34%\"><\/td>\n<\/tr>\n<tr>\n<td width=\"14%\">VIII&nbsp; &nbsp; &nbsp; &nbsp;<\/td>\n<td width=\"51%\">Pilarska &#8211; Kita \u017baneta<\/td>\n<td width=\"34%\"><\/td>\n<\/tr>\n<tr>\n<td width=\"14%\">&nbsp; &nbsp;&nbsp;<\/td>\n<td width=\"51%\"><\/td>\n<td width=\"34%\"><\/td>\n<\/tr>\n<\/tbody>\n<\/table>\n<\/fieldset>\n<p>&nbsp;<\/p>\n<h5><span style=\"color: #0000ff;\">Numer konta Rady Rodzic\u00f3w Szko\u0142y Podstawowej <\/span><\/h5>\n<h5><span style=\"color: #0000ff;\">im. Noblist\u00f3w Polskich w Go\u015bciejewie:&nbsp;<\/span><\/h5>\n<h5><span style=\"color: #000000;\"><strong>86895100093900207520000010<\/strong><\/span><\/h5>\n","protected":false},"excerpt":{"rendered":"<p>Rada Rodzic\u00f3w Szko\u0142y Podstawowej im. Noblist\u00f3w Polskich w Go\u015bciejewie KLASA NAZWISKO I IMI\u0118 FUNKCJA OP Two&nbsp; D\u0105browska Marta OP Gwo&nbsp; \u015awierkowska Joanna I&nbsp;&nbsp;&nbsp;&nbsp;&nbsp; &nbsp; Wi\u015bniewska Klaudia II&nbsp; &nbsp; &nbsp; &nbsp; Nochowicz Anna Wiceprzewodnicz\u0105ca III&nbsp; &nbsp; &nbsp; &nbsp; Kaczmarek Anna Skarbnik IV&nbsp; &nbsp; &nbsp; &nbsp; Ma\u0144kowska Agnieszka Sekretarz V&nbsp; &nbsp; &nbsp; [&hellip;]<\/p>\n","protected":false},"author":1,"featured_media":0,"parent":0,"menu_order":0,"comment_status":"closed","ping_status":"closed","template":"","meta":{"ngg_post_thumbnail":0,"footnotes":""},"class_list":["post-583","page","type-page","status-publish","hentry"],"_links":{"self":[{"href":"https:\/\/spgosciejewo.pl\/index.php?rest_route=\/wp\/v2\/pages\/583","targetHints":{"allow":["GET"]}}],"collection":[{"href":"https:\/\/spgosciejewo.pl\/index.php?rest_route=\/wp\/v2\/pages"}],"about":[{"href":"https:\/\/spgosciejewo.pl\/index.php?rest_route=\/wp\/v2\/types\/page"}],"author":[{"embeddable":true,"href":"https:\/\/spgosciejewo.pl\/index.php?rest_route=\/wp\/v2\/users\/1"}],"replies":[{"embeddable":true,"href":"https:\/\/spgosciejewo.pl\/index.php?rest_route=%2Fwp%2Fv2%2Fcomments&post=583"}],"version-history":[{"count":6,"href":"https:\/\/spgosciejewo.pl\/index.php?rest_route=\/wp\/v2\/pages\/583\/revisions"}],"predecessor-version":[{"id":3898,"href":"https:\/\/spgosciejewo.pl\/index.php?rest_route=\/wp\/v2\/pages\/583\/revisions\/3898"}],"wp:attachment":[{"href":"https:\/\/spgosciejewo.pl\/index.php?rest_route=%2Fwp%2Fv2%2Fmedia&parent=583"}],"curies":[{"name":"wp","href":"https:\/\/api.w.org\/{rel}","templated":true}]}}