{"id":51,"date":"2018-11-23T17:40:19","date_gmt":"2018-11-23T16:40:19","guid":{"rendered":"http:\/\/spgosciejewo.pl\/?page_id=51"},"modified":"2025-05-12T11:25:35","modified_gmt":"2025-05-12T09:25:35","slug":"bip","status":"publish","type":"page","link":"https:\/\/spgosciejewo.pl\/?page_id=51","title":{"rendered":"BIP"},"content":{"rendered":"<p style=\"text-align: center;\"><strong>Biuletyn Informacji Publicznej (BIP)<\/strong><\/p>\n<p>&nbsp; Bilans jednostki bud\u017cetowej lub samorz\u0105dowego zak\u0142adu bud\u017cetowego&nbsp; &nbsp; &nbsp; &nbsp;<a href=\"https:\/\/spgosciejewo.pl\/wp-content\/uploads\/2025\/05\/SPG20BILANS20202420K.pdf\">Pobierz<\/a><\/p>\n<p>&nbsp; Rachunek zysk\u00f3w i strat (wariant por\u00f3wnawczy)&nbsp; &nbsp; &nbsp; &nbsp; &nbsp; &nbsp; &nbsp; &nbsp; &nbsp; &nbsp; &nbsp; &nbsp; &nbsp; &nbsp; &nbsp; &nbsp; &nbsp; &nbsp; &nbsp; &nbsp; &nbsp; &nbsp; &nbsp;<a href=\"https:\/\/spgosciejewo.pl\/wp-content\/uploads\/2025\/05\/SPG20RZIS202024.pdf\"> &nbsp; Pobierz<\/a><\/p>\n<p>&nbsp; Zestawienie zmian w funduszu jednostki&nbsp; &nbsp; &nbsp; &nbsp; &nbsp; &nbsp; &nbsp; &nbsp; &nbsp; &nbsp; &nbsp; &nbsp; &nbsp; &nbsp; &nbsp; &nbsp; &nbsp; &nbsp; &nbsp; &nbsp; &nbsp; &nbsp; &nbsp; &nbsp; &nbsp; &nbsp; &nbsp; &nbsp; &nbsp; &nbsp; &nbsp;<a href=\"https:\/\/spgosciejewo.pl\/wp-content\/uploads\/2025\/05\/SPG20ZZFJ202024.pdf\"> Pobierz<\/a><\/p>\n<p>&nbsp; Wprowadzenie do sprawozdania finansowego&nbsp; &nbsp; &nbsp; &nbsp; &nbsp; &nbsp; &nbsp; &nbsp; &nbsp; &nbsp; &nbsp; &nbsp; &nbsp; &nbsp; &nbsp; &nbsp; &nbsp; &nbsp; &nbsp; &nbsp; &nbsp; &nbsp; &nbsp; &nbsp; &nbsp; &nbsp;<a href=\"https:\/\/spgosciejewo.pl\/wp-content\/uploads\/2025\/05\/wprowadzenie20do20SF20202420SPG.pdf\"> Pobierz<\/a><\/p>\n<p>&nbsp; Raport o stanie zapewniania dost\u0119pno\u015bci podmiotu publicznego&nbsp; &nbsp; &nbsp; &nbsp; &nbsp; &nbsp; &nbsp;<a href=\"https:\/\/spgosciejewo.pl\/wp-content\/uploads\/2025\/02\/SPG.pdf\"> &nbsp;Pobierz<\/a><br \/>\n&nbsp; Stan w dniu 01.01.2025 r.<\/p>\n<p>&nbsp;<\/p>\n<p style=\"text-align: center;\">&nbsp; Sprawozdanie finansowe 2003.&nbsp; &nbsp; &nbsp; &nbsp; &nbsp; &nbsp; &nbsp; &nbsp; &nbsp; &nbsp; &nbsp; &nbsp; &nbsp; &nbsp; &nbsp; &nbsp; &nbsp; &nbsp; &nbsp; &nbsp; &nbsp; &nbsp; &nbsp;<span style=\"color: #339966;\"><a href=\"https:\/\/spgosciejewo.pl\/wp-content\/uploads\/2024\/05\/SP-GOSCIEJEWO-BILANS.pdf\" style=\"color: #339966;\">Pobierz<\/a>&nbsp;<\/span>&nbsp; &nbsp; &nbsp; &nbsp; &nbsp; &nbsp; &nbsp; &nbsp; &nbsp; &nbsp; &nbsp; &nbsp; &nbsp; &nbsp; &nbsp; &nbsp; &nbsp; &nbsp; &nbsp; &nbsp; &nbsp; &nbsp; &nbsp; &nbsp;&nbsp;<\/p>\n<table width=\"673\" height=\"2643\" class=\" aligncenter\">\n<tbody>\n<tr>\n<td width=\"51%\">Zarz\u0105dzenie w sprawie og\u0142oszenia konkurs\u00f3w&nbsp;<\/p>\n<p>na stanowisko dyrektor\u00f3w szk\u00f3\u0142 i przedszkoli.<\/p>\n<hr>\n<p>&nbsp; &nbsp;Godziny dost\u0119pno\u015bci nauczycieli w Szkole.&nbsp; &nbsp; &nbsp; &nbsp; <span style=\"color: #339966;\">&nbsp; <span style=\"color: #000000;\">&#8212;&#8212;&#8212;&#8212;&#8212;&#8212;&#8212;&#8212;&#8212;&#8212;&#8212;&#8212;&#8212;&#8212;&#8212;&#8212;&#8212;&#8212;&#8212;&#8212;&#8212;&#8212;&#8212;&#8212;&#8212;<\/span><\/span><\/p>\n<hr>\n<p style=\"text-align: left;\">&nbsp; &nbsp;Oferta cenowa obiad\u00f3w dla szk\u00f3\u0142 2023\/2024.&nbsp; &nbsp; &nbsp; &nbsp; &nbsp; &nbsp; &nbsp; &nbsp; &nbsp; &nbsp; &nbsp; &nbsp; &nbsp; &nbsp; &nbsp; &nbsp; &nbsp; &nbsp; &nbsp;&nbsp;<\/p>\n<p style=\"text-align: left;\">&#8212;&#8212;&#8212;&#8212;&#8212;&#8212;&#8212;&#8212;&#8212;&#8212;&#8212;&#8212;&#8212;&#8212;&#8212;&#8212;&#8212;&#8212;&#8212;&#8212;&#8212;&#8212;&#8212;&#8212;&#8212;<\/p>\n<p style=\"text-align: left;\">&nbsp; &nbsp; &nbsp; &nbsp;Informacja podatkowa&nbsp;&nbsp; 2022\/2023&nbsp; &nbsp; &nbsp; &nbsp; &nbsp; &nbsp; &nbsp; &nbsp; &nbsp;<\/p>\n<p style=\"text-align: left;\">&#8212;&#8212;&#8212;&#8212;&#8212;&#8212;&#8212;&#8212;&#8212;&#8212;&#8212;&#8212;&#8212;&#8212;&#8212;&#8212;&#8212;&#8212;&#8212;&#8212;&#8212;&#8212;&#8212;&#8212;&#8212;<\/p>\n<p style=\"text-align: left;\">&nbsp; &nbsp; &nbsp; &nbsp; &nbsp;Sprawozdanie finansowe 2022\/2023&nbsp; &nbsp; &nbsp; &nbsp; &nbsp; &nbsp; &nbsp; &#8212;&#8212;&#8212;&#8212;&#8212;&#8212;&#8212;&#8212;&#8212;&#8212;&#8212;&#8212;&#8212;&#8212;&#8212;&#8212;&#8212;&#8212;&#8212;&#8212;&#8212;&#8212;&#8212;&#8212;&#8212;<\/p>\n<p style=\"text-align: center;\">&nbsp; &nbsp; Wniosek o przyj\u0119cie dziecka na dy\u017cur&nbsp; &nbsp; &nbsp; &nbsp; &nbsp; &nbsp; &nbsp; &nbsp; &nbsp; &nbsp; &nbsp; &nbsp; &nbsp;wakacyjny do&nbsp; przedszkola&nbsp; &nbsp; &nbsp; &nbsp; &nbsp; &nbsp; &nbsp; &nbsp; &nbsp; &nbsp; &nbsp; &nbsp; &nbsp; &nbsp; &nbsp; &nbsp; &nbsp; &nbsp; &nbsp; &nbsp; &nbsp; &nbsp; &nbsp; &nbsp; &nbsp; &nbsp; &nbsp; &nbsp; &nbsp; &nbsp; &nbsp; &nbsp;<span style=\"color: #339966;\"> &nbsp;&nbsp; &nbsp; &nbsp;<\/span>&nbsp; &nbsp; &nbsp; &nbsp; &nbsp; &nbsp; &nbsp; &nbsp; &nbsp; &nbsp; &nbsp; &nbsp; &nbsp; &nbsp; &nbsp; &nbsp; &nbsp; &nbsp; &nbsp; &nbsp; &nbsp; &nbsp; &nbsp; &nbsp; &nbsp; &nbsp; &nbsp;&#8212;&#8212;&#8212;&#8212;&#8212;&#8212;&#8212;&#8212;&#8212;&#8212;&#8212;&#8212;&#8212;&#8212;&#8212;&#8212;&#8212;&#8212;&#8212;&#8212;&#8212;&#8212;&#8212;&#8212;&#8211;<\/p>\n<p>&nbsp; &nbsp; &nbsp;Nab\u00f3r do oddzia\u0142\u00f3w przedszkolnych<\/p>\n<p>&nbsp; &nbsp; &nbsp;Nab\u00f3r do klas (1) &#8211; 2023\/2024<\/p>\n<p>&nbsp;<\/p>\n<p>Godziny dost\u0119pno\u015bci nauczycieli w Szkole<\/td>\n<td width=\"34%\">&nbsp;<\/p>\n<p>&nbsp; &nbsp; &nbsp; &nbsp; <span style=\"color: #339966;\"><a href=\"https:\/\/spgosciejewo.pl\/wp-content\/uploads\/2024\/05\/SKMBT_C224e24050812230.pdf\" style=\"color: #339966;\">Pobierz<\/a>&nbsp; <\/span><\/p>\n<p>&nbsp;<\/p>\n<p style=\"text-align: left; padding-left: 40px;\"><span style=\"color: #339966;\"><a href=\"https:\/\/spgosciejewo.pl\/wp-content\/uploads\/2023\/10\/Godziny-dostepnosci-nauczycieli-w-Szkole-Podstawowej-im-1.pdf\" style=\"color: #339966;\">Pobierz<\/a>&nbsp; &nbsp;<\/span><\/p>\n<p>&nbsp;<\/p>\n<p><span style=\"color: #339966;\"><a href=\"https:\/\/spgosciejewo.pl\/wp-content\/uploads\/2023\/09\/OFERTA-CENOWA-OBIADOW-DLA-SZKOL.pdf\" style=\"color: #339966;\">&nbsp; &nbsp; &nbsp; &nbsp; &nbsp;Pobierz<\/a><\/span><\/p>\n<p>&nbsp;<\/p>\n<p>&nbsp;<\/p>\n<p>&nbsp; &nbsp; &nbsp; &nbsp; <span style=\"color: #339966;\"><a href=\"https:\/\/spgosciejewo.pl\/wp-content\/uploads\/2023\/06\/Informacja-dodatkowa-SPG-2022.pdf\" style=\"color: #339966;\">Pobierz<\/a><\/span><\/p>\n<p>&nbsp;<\/p>\n<p><span style=\"color: #339966;\"><a href=\"https:\/\/spgosciejewo.pl\/wp-content\/uploads\/2023\/06\/Sprawozdanie-SP.-Gosciejewo.pdf\" style=\"color: #339966;\">&nbsp; &nbsp; &nbsp; &nbsp; Pobierz<\/a><\/span><\/p>\n<p>&nbsp;<\/p>\n<p>&nbsp;<\/p>\n<p><span style=\"color: #339966;\">&nbsp; &nbsp; &nbsp; &nbsp;<a href=\"https:\/\/spgosciejewo.pl\/wp-content\/uploads\/2023\/06\/Wniosek-o-przyjecie-dziecka-na-dyzur-wakacyjny.doc\" style=\"color: #339966;\">Pobierz<\/a>&nbsp; &nbsp; &nbsp;<\/span><\/p>\n<p>&nbsp;<\/p>\n<p><span style=\"color: #993366;\"><a href=\"https:\/\/spgosciejewo.pl\/wp-content\/uploads\/2023\/02\/wniosek-do-OP.pdf\" style=\"color: #993366;\">&nbsp; &nbsp; &nbsp; Pobierz<\/a><\/span><\/p>\n<p><span style=\"color: #993366;\"><a href=\"https:\/\/spgosciejewo.pl\/wp-content\/uploads\/2023\/02\/wniosek-do-OP.pdf\" style=\"color: #993366;\">&nbsp; &nbsp; &nbsp; <\/a><a href=\"https:\/\/spgosciejewo.pl\/wp-content\/uploads\/2023\/05\/zgloszenie-do-I-klasy.pdf\">Pobierz<\/a><a href=\"https:\/\/spgosciejewo.pl\/wp-content\/uploads\/2023\/02\/wniosek-do-OP.pdf\" style=\"color: #993366;\">&nbsp; &nbsp; &nbsp; &nbsp;&nbsp;<\/a><\/span><\/p>\n<p><a href=\"https:\/\/spgosciejewo.pl\/wp-content\/uploads\/2023\/05\/zgloszenie-do-I-klasy.pdf\">&nbsp; &nbsp; &nbsp; &nbsp; &nbsp; &nbsp; &nbsp; &nbsp; &nbsp; &nbsp;&nbsp;<\/a><\/p>\n<p><a href=\"https:\/\/spgosciejewo.pl\/wp-content\/uploads\/2023\/04\/WAZNE-OD-II-semestru-Godziny-dostepnosci-nauczycieli-w-Szkole-Podstawowej-im.pdf\">&nbsp; &nbsp; &nbsp; Pobierz<\/a><\/p>\n<p><a href=\"https:\/\/spgosciejewo.pl\/wp-content\/uploads\/2023\/04\/WAZNE-OD-II-semestru-Godziny-dostepnosci-nauczycieli-w-Szkole-Podstawowej-im.pdf\">&nbsp; &nbsp; &nbsp; &nbsp; &nbsp; &nbsp; &nbsp; &nbsp; &nbsp; &nbsp;&nbsp;<\/a><\/td>\n<\/tr>\n<tr>\n<td width=\"51%\"><span>Deklaracja rodzica na szczepienia<\/span><\/td>\n<td width=\"34%\"><a href=\"https:\/\/spgosciejewo.pl\/wp-content\/uploads\/2022\/10\/Deklaracja-rodzica-na-szczepienia.docx\">&nbsp; &nbsp; &nbsp; &nbsp; &nbsp;Pobierz<\/a><\/td>\n<\/tr>\n<tr>\n<td width=\"51%\">Kwestionariusz wst\u0119pnego wywiad u osoby niepe\u0142noletniej przeciw covid19 przesiewowego przed szczepieniem<\/td>\n<td width=\"34%\"><a href=\"https:\/\/spgosciejewo.pl\/wp-content\/uploads\/2022\/10\/Kwestionariusz-wstepnego-wywiad-u-przesiewowego-przed-szczepieniem-osoby-niepelnoletniej-przeciw-covid19.pdf\">&nbsp; &nbsp; &nbsp; &nbsp; &nbsp; Pobierz<\/a><\/td>\n<\/tr>\n<tr>\n<td width=\"51%\">List Ministra Zdrowia do dyrektor\u00f3w szkol nauczycieli rodzic\u00f3w w sprawie szczepie\u0144 nastolatk\u00f3w<\/td>\n<td width=\"34%\"><a href=\"https:\/\/spgosciejewo.pl\/wp-content\/uploads\/2022\/10\/List-Ministra-Zdrowia-do-dyrektorow-szkol-nauczycieli-rodzicow-w-sprawie-szczepien-nastolatkow.pdf\">&nbsp; &nbsp; &nbsp; &nbsp; &nbsp;Pobierz<\/a><\/td>\n<\/tr>\n<tr>\n<td width=\"51%\"><span>Wniosek \u2013 stypendium szkolne<\/span><\/td>\n<td width=\"34%\"><a href=\"https:\/\/spgosciejewo.pl\/wp-content\/uploads\/2022\/10\/Wniosek-stypendium-szkolne.pdf\">&nbsp; &nbsp; &nbsp; &nbsp; &nbsp;Pobierz<\/a><\/td>\n<\/tr>\n<tr>\n<td width=\"51%\"><span>Informacja w sprawie socjalnego stypendium szkolnego<\/span><\/td>\n<td width=\"34%\"><a href=\"https:\/\/spgosciejewo.pl\/wp-content\/uploads\/2022\/10\/Informacja-w-sprawie-socjalnego-stypendium-szkolnego.pdf\">&nbsp; &nbsp; &nbsp; &nbsp; &nbsp; &nbsp; &nbsp; &nbsp; &nbsp; &nbsp; &nbsp;Pobierz<\/a><\/td>\n<\/tr>\n<tr>\n<td width=\"51%\"><span>Informacja o do\u017cywianiu \u2013 wrzesie\u0144 \u2013 grudzie\u0144 2021r.<\/span><\/td>\n<td width=\"34%\"><a href=\"https:\/\/spgosciejewo.pl\/wp-content\/uploads\/2022\/10\/Informacja-o-dozywianiu-wrzesien-grudzien-2021r..pdf\">&nbsp; &nbsp; &nbsp; &nbsp; &nbsp; &nbsp; &nbsp; &nbsp; &nbsp; &nbsp; &nbsp;Pobierz<\/a><\/td>\n<\/tr>\n<tr>\n<td width=\"51%\"><span>AVIVA \u2013 Warianty ubezpieczenia \u201eTWOJE DZIECKO\u201d<\/span><\/td>\n<td width=\"34%\"><a href=\"https:\/\/spgosciejewo.pl\/wp-content\/uploads\/2022\/10\/AVIVA-warianty-ubezpieczenia-TWOJE-DZIECKO-1.pdf\">&nbsp; &nbsp; &nbsp; &nbsp; &nbsp; &nbsp; &nbsp; &nbsp; &nbsp; &nbsp; &nbsp;Pobierz<\/a><\/td>\n<\/tr>\n<tr>\n<td width=\"51%\"><span>Og\u00f3lne warunki ubezpieczenia \u2013 AVIVA<\/span><\/td>\n<td width=\"34%\"><a href=\"https:\/\/spgosciejewo.pl\/wp-content\/uploads\/2022\/10\/Ogolne-warunki-ubezpieczenia-AVIVA.pdf\">&nbsp; &nbsp; &nbsp; &nbsp; &nbsp; &nbsp; &nbsp; &nbsp; &nbsp; &nbsp; &nbsp; Pobierz<\/a><\/td>\n<\/tr>\n<tr>\n<td width=\"51%\"><span>Rodzicu -Przypomnij dziecku zasady bezpiecze\u0144stwa podczas posi\u0142k\u00f3w<\/span><\/td>\n<td width=\"34%\"><a href=\"https:\/\/spgosciejewo.pl\/wp-content\/uploads\/2022\/10\/Rodzicu-Przypomnij-dziecku-zasady-bezpieczenstwa-podczas-posilkow.pdf\">Pobierz<\/a><\/td>\n<\/tr>\n<tr>\n<td width=\"51%\"><span>Rodzicu -Sprawdzaj czy dziecko nie ma zb\u0119dnych rzeczy w plecaku<\/span><\/td>\n<td width=\"34%\"><a href=\"https:\/\/spgosciejewo.pl\/wp-content\/uploads\/2022\/10\/Rodzicu-Sprawdzaj-czy-dziecko-nie-ma-zbednych-rzeczy-w-plecaku.pdf\">Pobierz<\/a><\/td>\n<\/tr>\n<tr>\n<td width=\"51%\"><span>Rodzicu -Przestrzegaj Procedur reguluj\u0105cych funkcjonowanie szko\u0142y w czasie epidemii<\/span><\/td>\n<td width=\"34%\"><a href=\"https:\/\/spgosciejewo.pl\/wp-content\/uploads\/2022\/10\/Rodzicu-Przestrzegaj-Procedur-regulujacych-funkcjonowanie-szkoly-w-czasie-epidemii.pdf\">Pobierz<\/a><\/td>\n<\/tr>\n<tr>\n<td width=\"51%\"><span>Rodzicu -Poinformuj szko\u0142\u0119 je\u015bli domownicy s\u0105 obj\u0119ci kwarantann\u0105<\/span><\/td>\n<td width=\"34%\"><a href=\"https:\/\/spgosciejewo.pl\/wp-content\/uploads\/2022\/10\/Rodzicu-Poinformuj-szkole-jesli-domownicy-sa-objeci-kwarantanna.pdf\">Pobierz<\/a><\/td>\n<\/tr>\n<tr>\n<td width=\"51%\"><span>Rodzicu Organizuj dziecku jak najwi\u0119cej czasu na \u015bwie\u017cym powietrzu<\/span><\/td>\n<td width=\"34%\"><a href=\"https:\/\/spgosciejewo.pl\/wp-content\/uploads\/2022\/10\/Rodzicu-Organizuj-dziecku-jak-najwiecej-czasu-na-swiezym-powietrzu.pdf\">Pobierz<\/a><\/td>\n<\/tr>\n<tr>\n<td width=\"51%\">Rodzicu -Przypomnij dziecku \u017ce zasady bezpiecze\u0144stwa obowi\u0105zuj\u0105 przed lekcjami i po nich<\/td>\n<td width=\"34%\"><a href=\"https:\/\/spgosciejewo.pl\/wp-content\/uploads\/2022\/10\/Rodzicu-Przypomnij-dziecku-ze-zasady-bezpieczenstwa-obowiazuja-przed-lekcjami-i-po-nich.pdf\">Pobierz<\/a><\/td>\n<\/tr>\n<tr>\n<td width=\"51%\"><span>Wniosek o przyznanie socjalnego stypendium szkolnego<\/span><\/td>\n<td width=\"34%\"><a href=\"https:\/\/spgosciejewo.pl\/wp-content\/uploads\/2022\/10\/Wniosek-o-przyznanie-socjalnego-stypendium-szkolnego.pdf\">Pobierz<\/a><\/td>\n<\/tr>\n<tr>\n<td width=\"51%\"><span>Informacja w sprawie socjalnego stypendium szkolnego<\/span><\/td>\n<td width=\"34%\"><a href=\"https:\/\/spgosciejewo.pl\/wp-content\/uploads\/2022\/10\/Informacja-w-sprawie-socjalnego-stypendium-szkolnego.pdf\">Pobierz<\/a><\/td>\n<\/tr>\n<tr>\n<td width=\"51%\"><span>O\u015bwiadczenie rodzica o stanie zdrowia i stosowaniu si\u0119 do procedur<\/span><\/td>\n<td width=\"34%\"><a href=\"https:\/\/spgosciejewo.pl\/wp-content\/uploads\/2022\/10\/Oswiadczenie-rodzica-o-stanie-zdrowia-i-stosowaniu-sie-do-procedur.pdf\">Pobierz<\/a><\/td>\n<\/tr>\n<tr>\n<td width=\"51%\">Procedury bezpiecze\u0144stwa na terenie Szko\u0142y Podstawowej im. Noblist\u00f3w Polskich w Go\u015bciejewie w okresie pandemii COVID-19 \u2013 od 25 maja 2020r.<\/td>\n<td width=\"34%\"><a href=\"https:\/\/spgosciejewo.pl\/wp-content\/uploads\/2022\/10\/Procedury-bezpieczenstwa-na-terenie-Szkoly-Podstawowej-im.-Noblistow-Polskich-w-Gosciejewie-w-okresie-pandemii-COVID-19-od-25-maja-2020r.1.pdf\">Pobierz<\/a><\/td>\n<\/tr>\n<tr>\n<td width=\"51%\"><span>Rewalidacja w szkole \u2013 wytyczne GIS, MZ i MEN<\/span><\/td>\n<td width=\"34%\"><a href=\"https:\/\/spgosciejewo.pl\/wp-content\/uploads\/2022\/10\/Rewalidacja_w_szkole_\u2013_wytyczne_GIS_MZ_i_MEN_dla_szkol.pdf\">Pobierz<\/a><\/td>\n<\/tr>\n<tr>\n<td width=\"51%\"><span>Konsultacje w szkole \u2013 wytyczne GIS, MZ i MEN<\/span><\/td>\n<td width=\"34%\"><a href=\"https:\/\/spgosciejewo.pl\/wp-content\/uploads\/2022\/10\/Konsultacje_w_szkole_\u2013_wytyczne_GIS_MZ_i_MEN_dla_szkol.pdf\">Pobierz<\/a><\/td>\n<\/tr>\n<tr>\n<td width=\"51%\"><span>Wytyczne GIS, MZ i MEN dla szk\u00f3\u0142 podstawowych \u2013 edukacja wczesnoszkolna<\/span><\/td>\n<td width=\"34%\"><a href=\"https:\/\/spgosciejewo.pl\/wp-content\/uploads\/2022\/10\/Wytyczne_GIS_MZ_i_MEN_dla_szkol_podstawowych_\u2013_edukacja_wczesnoszkolna.pdf\">Pobierz<\/a><\/td>\n<\/tr>\n<tr>\n<td width=\"51%\"><span>ZASADY POST\u0118POWANIA W SARS-COV-2<\/span><\/td>\n<td width=\"34%\"><a href=\"https:\/\/spgosciejewo.pl\/wp-content\/uploads\/2022\/10\/ZASADY-POSTEPOWANIA-W-SARS.pdf\">Pobierz<\/a><\/td>\n<\/tr>\n<tr>\n<td width=\"51%\"><span>Procedura post\u0119powania w przypadku chor\u00f3b w Szkole Podstawowej<\/span><\/td>\n<td width=\"34%\"><a href=\"https:\/\/spgosciejewo.pl\/wp-content\/uploads\/2022\/10\/Procedury-na-covid19.pdf\">Pobierz<\/a><\/td>\n<\/tr>\n<tr>\n<td width=\"51%\"><span>Wytyczne Covid 19<\/span><\/td>\n<td width=\"34%\"><a href=\"https:\/\/spgosciejewo.pl\/wp-content\/uploads\/2022\/10\/wytyczne-Covid19.pdf\">Pobierz<\/a><\/td>\n<\/tr>\n<tr>\n<td width=\"51%\"><span>Zarz\u0105dzenie nr 13<\/span><\/td>\n<td width=\"34%\"><a href=\"https:\/\/spgosciejewo.pl\/wp-content\/uploads\/2022\/10\/Zarzadzenie-nr-13.pdf\">Pobierz<\/a><\/td>\n<\/tr>\n<tr>\n<td width=\"51%\"><span>Zg\u0142oszenie do I klasy na rok szkolny 2021<\/span><\/td>\n<td width=\"34%\"><a href=\"https:\/\/spgosciejewo.pl\/wp-content\/uploads\/2022\/10\/zgloszenie-do-I-klasy.pdf\">Pobierz<\/a><\/td>\n<\/tr>\n<tr>\n<td width=\"51%\"><span>Wniosek do Przedszkola&nbsp; na rok szkolny 2021<\/span><\/td>\n<td width=\"34%\"><a href=\"https:\/\/spgosciejewo.pl\/wp-content\/uploads\/2022\/10\/wniosek-do-Przedszkola.pdf\">Pobierz<\/a><\/td>\n<\/tr>\n<tr>\n<td width=\"51%\"><span>Apel do rodzic\u00f3w \u2013 01.03.2020r.<\/span><\/td>\n<td width=\"34%\"><a href=\"https:\/\/spgosciejewo.pl\/wp-content\/uploads\/2022\/10\/Apel-do-rodzicow-01.03.2020r..pdf\">Pobierz<\/a><\/td>\n<\/tr>\n<tr>\n<td width=\"51%\"><span>Komunikat G\u0142\u00f3wnego Inspektora Sanitarnego<\/span><\/td>\n<td width=\"34%\"><a href=\"https:\/\/spgosciejewo.pl\/wp-content\/uploads\/2022\/10\/Komunikat-Glownego-Inspektora-Sanitarnego.pdf\">Pobierz<\/a><\/td>\n<\/tr>\n<tr>\n<td width=\"51%\"><span>Za\u0142\u0105cznik nr 1 z dnia 11 lutego 2021 r. w sprawie rekrutacji<\/span><\/td>\n<td width=\"34%\"><a href=\"https:\/\/spgosciejewo.pl\/wp-content\/uploads\/2022\/10\/Zalacznik.pdf\">Pobierz<\/a><\/td>\n<\/tr>\n<\/tbody>\n<\/table>\n<p style=\"text-align: center;\">\n","protected":false},"excerpt":{"rendered":"<p>Biuletyn Informacji Publicznej (BIP) &nbsp; Bilans jednostki bud\u017cetowej lub samorz\u0105dowego zak\u0142adu bud\u017cetowego&nbsp; &nbsp; &nbsp; &nbsp;Pobierz &nbsp; Rachunek zysk\u00f3w i strat (wariant por\u00f3wnawczy)&nbsp; &nbsp; &nbsp; &nbsp; &nbsp; &nbsp; &nbsp; &nbsp; &nbsp; &nbsp; &nbsp; &nbsp; &nbsp; &nbsp; &nbsp; &nbsp; &nbsp; &nbsp; &nbsp; &nbsp; &nbsp; &nbsp; &nbsp; &nbsp; Pobierz &nbsp; Zestawienie zmian w [&hellip;]<\/p>\n","protected":false},"author":1,"featured_media":0,"parent":0,"menu_order":7,"comment_status":"closed","ping_status":"closed","template":"page-templates\/template-page-sidebar.php","meta":{"ngg_post_thumbnail":0,"footnotes":""},"class_list":["post-51","page","type-page","status-publish","hentry"],"_links":{"self":[{"href":"https:\/\/spgosciejewo.pl\/index.php?rest_route=\/wp\/v2\/pages\/51","targetHints":{"allow":["GET"]}}],"collection":[{"href":"https:\/\/spgosciejewo.pl\/index.php?rest_route=\/wp\/v2\/pages"}],"about":[{"href":"https:\/\/spgosciejewo.pl\/index.php?rest_route=\/wp\/v2\/types\/page"}],"author":[{"embeddable":true,"href":"https:\/\/spgosciejewo.pl\/index.php?rest_route=\/wp\/v2\/users\/1"}],"replies":[{"embeddable":true,"href":"https:\/\/spgosciejewo.pl\/index.php?rest_route=%2Fwp%2Fv2%2Fcomments&post=51"}],"version-history":[{"count":42,"href":"https:\/\/spgosciejewo.pl\/index.php?rest_route=\/wp\/v2\/pages\/51\/revisions"}],"predecessor-version":[{"id":7322,"href":"https:\/\/spgosciejewo.pl\/index.php?rest_route=\/wp\/v2\/pages\/51\/revisions\/7322"}],"wp:attachment":[{"href":"https:\/\/spgosciejewo.pl\/index.php?rest_route=%2Fwp%2Fv2%2Fmedia&parent=51"}],"curies":[{"name":"wp","href":"https:\/\/api.w.org\/{rel}","templated":true}]}}